{"id":28299,"date":"2023-09-20T12:05:05","date_gmt":"2023-09-20T10:05:05","guid":{"rendered":"https:\/\/patrouilleur17.fr\/?page_id=28299"},"modified":"2023-09-20T12:09:36","modified_gmt":"2023-09-20T10:09:36","slug":"mentions-legales","status":"publish","type":"page","link":"https:\/\/patrouilleur17.fr\/index.php\/mentions-legales\/","title":{"rendered":"Mentions L\u00e9gales"},"content":{"rendered":"<p>[et_pb_section fb_built=\u00a0\u00bb1&Prime; _builder_version=\u00a0\u00bb4.22.1&Prime; _module_preset=\u00a0\u00bbdefault\u00a0\u00bb global_colors_info=\u00a0\u00bb{}\u00a0\u00bb][et_pb_row _builder_version=\u00a0\u00bb4.22.1&Prime; _module_preset=\u00a0\u00bbdefault\u00a0\u00bb global_colors_info=\u00a0\u00bb{}\u00a0\u00bb][et_pb_column type=\u00a0\u00bb4_4&Prime; _builder_version=\u00a0\u00bb4.22.1&Prime; _module_preset=\u00a0\u00bbdefault\u00a0\u00bb global_colors_info=\u00a0\u00bb{}\u00a0\u00bb][et_pb_text _builder_version=\u00a0\u00bb4.22.1&Prime; _module_preset=\u00a0\u00bbdefault\u00a0\u00bb hover_enabled=\u00a0\u00bb0&Prime; global_colors_info=\u00a0\u00bb{}\u00a0\u00bb sticky_enabled=\u00a0\u00bb0&Prime;]<\/p>\n<h1>MENTIONS L\u00c9GALES<\/h1>\n<h2>\u00c9diteur du site :<\/h2>\n<p>Vincent Vignaud<\/p>\n<p>Siret : 88539599600014<\/p>\n<p>9 rue de chez renard<br \/>17350 Taillant<br \/>06 61 86 39 95<\/p>\n<h2>Responsable de la publication :<\/h2>\n<p>Vincent Vignaud<\/p>\n<h2>H\u00e9bergeur du site :<\/h2>\n<p>OVH SAS<br \/>2 rue Kellermann \u2013 BP 80157 59053 ROUBAIX CEDEX 1<\/p>\n<h2>Propri\u00e9t\u00e9 intellectuelle :<\/h2>\n<p>Ce site internet et l&rsquo;ensemble de son contenu (textes, images, vid\u00e9os, etc.) sont prot\u00e9g\u00e9s par les lois fran\u00e7aises et internationales sur la propri\u00e9t\u00e9 intellectuelle. Toute reproduction, diffusion, ou utilisation sans autorisation pr\u00e9alable est strictement interdite.<\/p>\n<h2>Protection des donn\u00e9es personnelles :<\/h2>\n<p>Conform\u00e9ment \u00e0 la loi n\u00b0 78-17 du 6 janvier 1978 relative \u00e0 l&rsquo;informatique, aux fichiers et aux libert\u00e9s, vous disposez d&rsquo;un droit d&rsquo;acc\u00e8s, de rectification et de suppression des donn\u00e9es personnelles vous concernant. Pour exercer ce droit, veuillez contacter l&rsquo;entreprise \u00e0 l&rsquo;adresse [adresse e-mail de l&rsquo;entreprise] ou par courrier \u00e0 [adresse postale de l&rsquo;entreprise].<\/p>\n<h2>Cookies :<\/h2>\n<p>Ce site peut utiliser des cookies pour am\u00e9liorer l&rsquo;exp\u00e9rience de l&rsquo;utilisateur. En utilisant ce site, vous consentez \u00e0 l&rsquo;utilisation de cookies conform\u00e9ment \u00e0 notre politique en mati\u00e8re de cookies. Pour en savoir plus, veuillez consulter notre politique en mati\u00e8re de cookies.<\/p>\n<h2>Liens externes :<\/h2>\n<p>Ce site peut contenir des liens vers des sites web externes. L&rsquo;entreprise n&rsquo;est pas responsable du contenu ou de la politique de confidentialit\u00e9 de ces sites.<\/p>\n<p>&nbsp;<\/p>\n<p>[\/et_pb_text][\/et_pb_column][\/et_pb_row][\/et_pb_section]<\/p>\n","protected":false},"excerpt":{"rendered":"<p>MENTIONS L\u00c9GALES \u00c9diteur du site : Vincent Vignaud Siret : 88539599600014 9 rue de chez renard17350 Taillant06 61 86 39 95 Responsable de la publication : Vincent Vignaud H\u00e9bergeur du site : OVH SAS2 rue Kellermann \u2013 BP 80157 59053 ROUBAIX CEDEX 1 Propri\u00e9t\u00e9 intellectuelle : Ce site internet et l&rsquo;ensemble de son contenu (textes, [&hellip;]<\/p>\n","protected":false},"author":1,"featured_media":0,"parent":0,"menu_order":0,"comment_status":"closed","ping_status":"closed","template":"","meta":{"_et_pb_use_builder":"on","_et_pb_old_content":"","_et_gb_content_width":"","_joinchat":[],"footnotes":""},"class_list":["post-28299","page","type-page","status-publish","hentry"],"_links":{"self":[{"href":"https:\/\/patrouilleur17.fr\/index.php\/wp-json\/wp\/v2\/pages\/28299","targetHints":{"allow":["GET"]}}],"collection":[{"href":"https:\/\/patrouilleur17.fr\/index.php\/wp-json\/wp\/v2\/pages"}],"about":[{"href":"https:\/\/patrouilleur17.fr\/index.php\/wp-json\/wp\/v2\/types\/page"}],"author":[{"embeddable":true,"href":"https:\/\/patrouilleur17.fr\/index.php\/wp-json\/wp\/v2\/users\/1"}],"replies":[{"embeddable":true,"href":"https:\/\/patrouilleur17.fr\/index.php\/wp-json\/wp\/v2\/comments?post=28299"}],"version-history":[{"count":4,"href":"https:\/\/patrouilleur17.fr\/index.php\/wp-json\/wp\/v2\/pages\/28299\/revisions"}],"predecessor-version":[{"id":28309,"href":"https:\/\/patrouilleur17.fr\/index.php\/wp-json\/wp\/v2\/pages\/28299\/revisions\/28309"}],"wp:attachment":[{"href":"https:\/\/patrouilleur17.fr\/index.php\/wp-json\/wp\/v2\/media?parent=28299"}],"curies":[{"name":"wp","href":"https:\/\/api.w.org\/{rel}","templated":true}]}}